21011
Convert -52223 (base 11) to base 12.
-38086
Convert 10111011001110110010011 (base 2) to base 6.
335255351
-9e38 (base 16) to base 14
-10a92
Convert 130320443 (base 5) to base 14.
127988
What is -280759 (base 10) in base 14?
-74463
What is 2865296 (base 11) in base 7?
56605422
Convert -840217 (base 9) to base 4.
-1321301332
Convert -187336 (base 9) to base 6.
-2301140
Convert 41013342 (base 6) to base 7.
12634433
-827601 (base 11) to base 3
-2111110022100
What is -203242 (base 8) in base 16?
-106a2
-8be262 (base 16) to base 8
-42761142
-38273 (base 15) to base 2
-101011110011101001
What is -163365614 (base 7) in base 5?
-10322011403
Convert 996018 (base 11) to base 9.
2882014
What is -101010101111110000100 (base 2) in base 12?
-576718
-81753 (base 9) to base 6
-1053120
Convert -11101001111001001 (base 2) to base 16.
-1d3c9
-17082831 (base 9) to base 13
-1a0821c
Convert -23223002 (base 4) to base 14.
-135d0
Convert 11001000011000000 (base 2) to base 13.
37909
What is 7c3468 (base 13) in base 5?
1223333021
Convert -1351c (base 14) to base 9.
-72328
What is -23316143 (base 9) in base 3?
-210100120011110
-49b36c (base 13) to base 9
-3282756
Convert -408285 (base 10) to base 6.
-12430113
Convert -304011122 (base 5) to base 15.
-195e92
112010011100210 (base 3) to base 6
424445203
What is -67202 (base 9) in base 16?
-ae59
Convert 191d (base 15) to base 3.
21110001
What is 153434530 (base 6) in base 5?
1313132233
Convert -a59ba (base 13) to base 16.
-48d1d
What is -25a3a3 (base 11) in base 3?
-202210011121
71834 (base 11) to base 14
2a2b5
Convert 313661 (base 8) to base 16.
197b1
What is -12022112101 (base 3) in base 9?
-168471
What is 306470 (base 9) in base 7?
1355226
Convert 772070 (base 8) to base 5.
31243003
Convert -2116100 (base 7) to base 6.
-5300005
-13351435 (base 6) to base 8
-1557057
What is 321220111 (base 4) in base 11?
151394
Convert 68ba69 (base 12) to base 13.
46a544
Convert -55beb7 (base 16) to base 6.
-320235355
What is -340ae (base 16) in base 12?
-a343a
What is 1320300040 (base 5) in base 4?
30203120111
-3561357 (base 8) to base 3
-1211120021022
4547039 (base 11) to base 3
112222101021102
What is 11402034 (base 9) in base 11?
315240a
What is -17378 (base 11) in base 14?
-8c74
What is 11434004 (base 6) in base 5?
43044302
What is -b7096 (base 13) in base 12?
-13a949
What is 1422566 (base 7) in base 2?
101110100011000010
Convert -135a6d (base 16) to base 10.
-1268333
4243322 (base 5) to base 9
118330
What is -341430301 (base 5) in base 13?
-410433
Convert -127883 (base 9) to base 3.
-10221222210
What is -51525203 (base 6) in base 16?
-16b843
6a763 (base 12) to base 9
236763
Convert 7c727c (base 15) to base 8.
26537665
-101001100000101110 (base 2) to base 8
-514056
What is 2273c6 (base 13) in base 14?
173404
Convert 1261427 (base 8) to base 3.
122221021211
What is 2141332103 (base 5) in base 12?
1677214
Convert -101010010001100000001 (base 2) to base 6.
-45405013
Convert 2c5ca1 (base 14) to base 15.
20a188
Convert 101001001000100011110 (base 2) to base 13.
382674
Convert 81fd53 (base 16) to base 3.
121000210212100
Convert -609611 (base 10) to base 14.
-11c239
Convert 422400300 (base 5) to base 9.
3275716
Convert -814c6 (base 15) to base 12.
-178b59
-2186400 (base 9) to base 3
-2012220110000
77135005 (base 8) to base 13
357ba14
Convert 1010154122 (base 6) to base 3.
201111222210212
-100000001010111100110 (base 2) to base 15
-15c53c
What is 1183171 (base 10) in base 16?
120dc3
What is bc24e (base 16) in base 15?
10350d
Convert 1773804 (base 11) to base 5.
1232200440
-11101010110111101010001 (base 2) to base 14
-1044a53
What is -611270 (base 9) in base 2?
-1011000010101010001
What is 148117 (base 9) in base 16?
16456
Convert -5202133 (base 7) to base 2.
-10011000000000011010
What is -11302222312 (base 4) in base 2?
-101110010101010110110
What is 2055320 (base 7) in base 16?
3cd5b
-23ec6 (base 16) to base 13
-51c88
-12112202202122 (base 3) to base 8
-13175500
What is 1212212113 (base 4) in base 10?
420247
Convert 21200200011022 (base 3) to base 15.
55b22e
1073715 (base 10) to base 3
2000112212020
1221220210 (base 4) to base 11
276092
What is -3650b5a (base 12) in base 14?
-158b07c
What is -1382859 (base 10) in base 6?
-45350043
What is 123102012 (base 5) in base 7?
5034624
Convert 4307426 (base 10) to base 8.
20334742
-120022222212 (base 4) to base 7
-104563542
-11121100211001 (base 3) to base 10
-2447848
-13542113 (base 6) to base 13
-133527
-3582635 (base 9) to base 16
-1da9e0
What is -217931 (base 13) in base 8?
-3003167
What is 21330032201 (base 4) in base 2?
1001111100001110100001
Convert -144201015 (base 6) to base 16.
-2dcda3
Convert 100010110100101111 (base 2) to base 14.
39da7
7836c4 (base 14) to base 11
2338695
Convert -10a360 (base 12) to base 4.
-1001011320
-23234210 (base 5) to base 3
-101202112122
What is -524488 (base 11) in base 16?
-cd2f9
What is 743614 (base 11) in base 5?
301100110
What is 10743102 (base 9) in base 4?
103323211322
54174 (base 12) to base 7
641050
-b6a989 (base 13) to base 2
-10000010100101110011001
What is -100120002002020 (base 3) in base 6?
-300513140
Convert -1556645 (base 7) to base 12.
-a5062
What is 1677aa1 (base 11) in base 9?
5324738
What is -74328 (base 14) in base 8?
-1043700
Convert -731162 (base 12) to base 7.
-21231146
300455203 (base 6) to base 9
10488123
Convert 2224128 (base 10) to base 2.
1000011111000000000000
What is 1432342 (base 8) in base 4?
1203103202
Convert 220212202001 (base 3) to base 4.
1313203210
What is 1e04 (base 15) in base 2?
1100110000001
-100141154 (base 6) to base 2
-110011101010010111110
283b (base 13) to base 5
141141
Convert 125065 (base 9) to base 7.
434132
-166403 (base 16) to base 12
-5a922b
-49958 (base 11) to base 6
-1311531
What is -1001001110011101000 (base 2) in base 12?
-126b48
3233333320 (base 4) to base 15
146407
What is 19935d (base 16) in base 3?
10011011012201
What is de084 (base 15) in base 13?
1b9172
What is -11001010022020 (base 3) in base 9?
-4033266
What is -521885 (base 10) in base 7?
-4302350
What is -10004202 (base 6) in base 8?
-1044452
What is 167025 (base 13) in base 5?
120324234
Convert -27222044 (base 8) to base 9.
-12433223
What is 31a42 (base 13) in base 7?
522203
490746 (base 13) to base 3
10021120120200
What is -101001111010010111010 (base 2) in base 6?
-45234110
Convert -579761 (base 10) to base 14.
-1113d7
-364884 (base 11) to base 13
-172a61
What is -226158 (base 12) in base 11?
-346012
139b35c (base 13) to base 9
12633575
1535364 (base 8) to base 5
103103301
What is -103106 (base 15) in base 16?
-bbec3
109c7 (base 13) to base 10
30245
What is -5530434 (base 6) in base 4?
-1003123312
What is 150285 (base 10) in base 8?
445415
Convert -3904330 (base 10) to base 2.
-1110111001001101001010
Convert -10011101110111000000 (base 2) to base 10.
-646592
173630 (base 9) to base 8
322234
-26a7704 (base 11) to base 12
-169029a
What is -155546 (base 8) in base 3?
-2212001020
What is -1000011222220 (base 3) in base 12?
-2197a3
What is 60224 (base 8) in base 6?
310244
Convert -1323310022 (base 4) to base 7.
-4211363
What is -1334203323 (base 5) in base 12?
-1194178
Convert -1342313124 (base 5) to base 2.
-1101010001011001111100
-bc68 (base 13) to base 6
-321401
Convert -11488670 (base 9) to base 10.
-5609475
Convert -111001100101000100110 (base 2) to base 4.
-13030220212
What is 1101054 (base 7) in base 15?
29e43
-21021101021 (base 3) to base 13
-50215
-202844 (base 9) to base 6
-2324404
Convert 100011110111111000 (base 2) to base 11.
a0439
What is -994503 (base 11) in base 8?
-6033730
What is 40440334 (base 7) in base 5?
1330334201
What is -1314441 (base 6) in base 9?
-120167
13342452 (base 7) to base 11
775780
Convert a1d960 (base 16) to base 9.
21855883
What is -142100 (base 6) in base 15?
-3ea3
What is -106567 (base 10) in base 15?
-21897
What is 8403501 (base 9) in base 8?
21102115
What is -1438aa (base 12) in base 9?
-564874
41200533 (base 6) to base 16
1209c9
29928a4 (base 11) to base 10
5128094
What is 17740377 (base 8) in base 16?
3fc0ff
Convert -14c66 (base 13) to base 8.
-115045
What is -82b85 (base 13) in base 8?
-712542
-144340341 (base 5) to base 6
-24355552
-3899b9 (base 12) to base 15
-135583
-16468114 (base 10) to base